*2 - 4*p + 5. Let d = -37666 - -37667. What is t(d)?
-106
Let l(r) = r**2. Let o(x) = x**3 - x**2 + 2*x - 1. Let h(p) = -2*p**3 + 2*p**2 - 5*p + 1. Let n(k) = -2*h(k) - 5*o(k). Let i(j) = 3*l(j) - n(j). Give i(-3).
-12
Let n(l) = 13*l**3 - 22*l**2 + 3*l + 5. Let y be -9 - (-1 + (-1 - 2)). Let v(x) = 9*x**3 - 15*x**2 + 2*x + 3. Let i(o) = y*n(o) + 7*v(o). What is i(3)?
-16
Let u = -14088 - -14090. Let v(r) = -2*r**2 + 9*r - 5. Calculate v(u).
5
Let j(t) = 15*t**2 - 13*t + 35. Let s(r) = -7*r**2 + 6*r - 17. Let z = 26 + -13. Let v(c) = z*s(c) + 6*j(c). Let w = 1 + -1. Determine v(w).
-11
Suppose l + z + 4*z = -2, -4*l - 4*z = -8. Let y(v) = -2*v + 1. Let n(m) = -4*m - 1. Let c(r) = l*n(r) - 4*y(r). Give c(-4).
9
Let q(i) be the third derivative of -i**4/24 - 7*i**3/6 + 146*i**2 + 3*i. Determine q(13).
-20
Suppose 2*x - 28 = -4*q, 3*q + 2*x + 62 = 87. Let s(a) = -26*a + 1. Give s(q).
-77
Let f(v) = v**2 - 7*v + 2. Let q(k) = -26*k + 68. Let w be q(3). Let l be 46/(-115) - 64/w. What is f(l)?
-4
Let k(d) = 4*d + 6. Let h be 148/(-9) + (3 - 253/99). Let u be (-2064)/215 - h/10. What is k(u)?
-26
Let l(x) = 2*x**3 + x - x**3 + 4 - 3*x**2 + 2*x**3 - x**2 - x**3. Let d = 46 + -44. Calculate l(d).
6
Suppose 0*s + 3*s = -3*m + 27, 4*s = -5*m + 44. Let t(u) be the second derivative of -9*u - 4/3*u**3 + 1/12*u**4 - 9/2*u**2 + 4. Give t(m).
-9
Let n(v) = 9*v + 13. Let s(f) = -14*f - 1 - 12*f + 24*f. Let l(k) = -n(k) - 5*s(k). Let j(x) = -x + 6. Let b be j(0). Determine l(b).
-2
Let m(g) be the second derivative of 13/20*g**5 - 1/6*g**3 + 0 - 1/6*g**4 + 0*g**2 + 128*g. Let y be ((-1)/1 - -2) + -2. What is m(y)?
-14
Suppose -2*s = 4*j - 7*s - 83, j - 23 = 2*s. Let o(t) = j*t - 3*t + 15 - 3*t - 15*t. Calculate o(4).
-1
Let q = -423 - -418. Let f(k) = 90*k + 442. Let v be f(q). Let y(u) be the first derivative of u**2/2 + 3*u - 1. Determine y(v).
-5
Let t = 6119 - 6115. Let a(x) = 2*x**2 - 5*x + 13. Calculate a(t).
25
Let u = 238 + -234. Let w = -3 + u. Let h(z) be the second derivative of 17*z**4/12 - z**3/6 - z. Give h(w).
16
Let z = -222 + 223. Let r(q) = 3 + 50*q - z - 39*q - q**2. Determine r(11).
2
Suppose 4*o - 239 = 3*u - 221, -u + 4*o - 22 = 0. Let q(s) = 17*s - 14. Give q(u).
20
Suppose 23*a = 22*a - 6. Let k(x) = x. Let s(u) = u**2 + 6*u - 15. Let d(o) = -2*k(o) + s(o). Let m be d(a). Let y(g) = g**3 + 4*g**2 - 1. Determine y(m).
8
Let u(m) = 3*m**3 - m**2 + m - 1. Let r(c) = 5*c**2 + 13*c + 19. Let q be r(-7). Let b = -171 + q. Determine u(b).
21
Let s(i) = -2*i**2 - 10*i - 26. Suppose -6*l = 6*l + 5*l + 119. Give s(l).
-54
Let a be (0 + -2)*1*1/(-1). Let f(t) = -57*t + 28*t + 30*t - 5*t**a + 4*t**2. Let q = 0 + 1. What is f(q)?
0
Suppose 0*p = 3*w - 4*p + 10, 0 = -4*w - 3*p + 20. Suppose 26 = -4*n - 2*j, -n = 3*j - j + w. Let v(i) = -78847*i**2 - 1 - 8*i + 1 + 78846*i**2. Determine v(n).
0
Let a(p) = -4*p**2 + 4*p + 7. Let b(j) = j**2 - 1. Suppose -n = -13*n + 12. Let m(w) = n*a(w) + 5*b(w). Determine m(-6).
14
Let a(h) = 3 - 3*h + 0 + 0. Suppose -3*n - 3*m + 26773 - 26758 = 0, 5*n + 4*m = 24. Calculate a(n).
-9
Suppose -d - 2 = -3. Let f(o) = 5*o**2 + 2*o - 1. Let t(x) = -x**2 - x. Let l(v) = d*f(v) + 6*t(v). Let w = 52 + -56. Calculate l(w).
-1
Suppose 0 = -5*h - 0*h + 10. Let o(b) be the first derivative of -b**5/40 - b**4/24 - 8*b**3 + 252. Let s(f) be the third derivative of o(f). What is s(h)?
-7
Let i(p) = 13*p + 4. Let h(c) = 38*c + 11. Let q(m) = 6*h(m) - 17*i(m). Let y(s) = s**3 + 68*s**2 - 62*s + 485. Let x be y(-69). Calculate q(x).
12
Suppose -9 = -i - r, 5*i + 4*r = 10 + 33. Let k be (-1)/(116/(-28) + 4). Let g(q) = q**2 + 0*q + k - 9*q + 1. Calculate g(i).
-6
Let u(w) = w - 10*w - w - w**2 + 2 + 0. Suppose -3*j + 12 = 0, 63*j - 20 = 4*s + 68*j. Give u(s).
2
Let l(q) be the third derivative of q**5/10 + 17*q**4/24 + 5*q**3/6 + 979*q**2. What is l(-3)?
8
Let j(s) = -3*s + 17. Let q(u) = u**3 - 74*u**2 + 75*u - 141. Let p be q(73). Give j(p).
2
Let l(w) be the first derivative of -9*w**2/2 - 2. Let z be (1/(-2))/(100/120 - 1). Give l(z).
-27
Let j(v) = 4*v - 1. Let k(y) = y**3 + 13*y**2 + 11*y - 10. Let d be k(-12). Let t be -1*3*(-2)/3. Suppose d*x = -t*x - 8. Give j(x).
-9
Let z(w) = w**3 + 9*w**2 - 9*w + 12. Let q = 199 + -301. Let j = q - -92. Give z(j).
2
Let a(q) = -2*q**3 + 3*q**3 - 3*q**3 - 1 + 0 + 2 + q**2. Let i(k) = 6*k**3 - 4*k**2 - 3. Let h = 1 - -1. Let m(d) = h*i(d) + 7*a(d). Give m(1).
-2
Suppose 3*c = 3*m + 9, 2*m - 4*m + 4*c - 14 = 0. Let b(w) = 9*w**2 + 5 - 4 - m. Let z be (14/(-4))/(-7)*-2. Calculate b(z).
9
Let u be ((-1750)/(-150))/(1/3). Let m(a) = -a**2 + 36*a - 38. Determine m(u).
-3
Suppose -4*v - 16 = -3*z, -4*v + 3*v = z - 17. Suppose z = -8*x + 36. Let b(y) = 3*y - 3*y - x*y + y**2 + 3 + 7*y. Calculate b(-2).
-1
Let i = 1486 + -1395. Suppose 12*c + i = 31. Let b(v) = -2*v - 2*v + 3*v. What is b(c)?
5
Let f(y) = -y**2 - 106*y + 25. Let a(b) = b**2 + 84*b - 24. Let r(t) = -5*a(t) - 4*f(t). Calculate r(4).
20
Let y(t) = -t**3 - 14*t**2 - 21*t + 10. Let g be -10 + (-110)/30 + (-5)/(-3). Calculate y(g).
-26
Let o(w) = 75*w - 20. Let l be o(5). Let j(p) = -356*p + 2 - 2 + l*p. Let z(m) = 6*m - 1. Let b(i) = 21*j(i) + 3*z(i). Calculate b(-4).
9
Let w(l) = l**2 - 4*l - 6. Let y(f) = 3*f**2 + 3*f + 24. Let v be y(-4). Suppose 0 = 3*x - 7*x + v. Suppose 19*a - x*a = 28. Determine w(a).
15
Let y(j) = -j**3 + 11*j**2 + j + 7. Let u be y(11). Let c(o) = -20*o - 2 - 1 + 6 + u*o. Let s = 5 + -11. Give c(s).
15
Let g(k) = -42759*k**3 + 42760*k**3 - 7 - 39*k + 2*k - 35*k**2. Give g(36).
-43
Let u(q) be the second derivative of 1/6*q**3 + 13/2*q**2 + 4*q - 4. Calculate u(-8).
5
Suppose -6*p = p - 357. Let y = p + -58. Let r(v) be the third derivative of -v**4/24 - 2*v**2 + 21*v. What is r(y)?
7
Let y(m) = 8*m - 39. Suppose 115*d = -1162 + 12. Give y(d).
-119
Let d(t) = t + 5 - 5 + 1 + 2*t - 7*t. Give d(-5).
21
Suppose -n = -5*u - 0 + 14, -3*u = -3*n - 18. Let g(x) = 0*x - x**u + 19 + 8 + 4*x - 22. Calculate g(4).
5
Let n(h) = h + 2*h + 11*h - 9*h**2 - 2 - 12*h - h**2. Calculate n(1).
-10
Let t(d) = -3*d**2 - 2*d + 2. Let c(v) = 9*v - 58. Let f be c(19). Suppose 121 = 8*g + f. Calculate t(g).
-3
Let v(c) be the first derivative of -c**5/12 + c**4/12 + 71*c**2/2 - 41. Let i(w) be the second derivative of v(w). What is i(2)?
-16
Let x(b) = -b**2 + 71 - 34 - 33. Let k = 9 - 2. Let g = 10 - k. Give x(g).
-5
Let i(z) = 1169*z + 588. Let r(t) = -77*t - 39. Let j(s) = 6*i(s) + 91*r(s). Calculate j(-6).
-63
Suppose 0 = 4*t + 65 - 97. Let q(p) = -5*p - p**2 + 6*p + 3*p + 2*p. Calculate q(t).
-16
Let o = -31 + 29. Let t(l) be the first derivative of -l**4/4 - l**3/3 + l**2 + 2*l - 92. Give t(o).
2
Let f(t) = t**2 + 2*t - 4. Suppose 0 = 2*l - 36 + 38. Let i be (-3 - 2 - l)*1. What is f(i)?
4
Let z(i) = 3*i**3 + 8*i**2 - 5*i - 22. Let t(m) = 29*m**3 + 71*m**2 - 45*m - 200. Let a(s) = -2*t(s) + 19*z(s). What is a(8)?
70
Let o(t) = t**3 + 13*t**2 + 37*t + 2. Let n = -808 + 799. Give o(n).
-7
Let v(i) be the second derivative of i**4/12 + 4*i**3/3 - 5*i**2/2 + 30*i. Suppose -7*n - 27 = 29. Let w be v(n). Let g(m) = m + 1. What is g(w)?
-4
Let c(r) = 9*r - 23. Suppose 0 = 2*i + 3*g - 29, 5*g = 8 + 27. Determine c(i).
13
Let a(g) = -g**3 - 7*g**2 + 2*g + 1. Let x(i) = -21*i**2 - 527*i - 53. Let h be x(-25). Give a(h).
-41
Let t(w) be the second derivative of -w**4/12 + w**3/3 + 4*w**2 - 109*w - 2. Determine t(4).
0
Let l(n) = n - 6. Let j be l(6). Let a = 161 + -159. Let k(x) = -35*x**2 + 17*x**2 - a*x + 19*x**2 + x - 2. Determine k(j).
-2
Let b(a) = -2*a - 14. Let s(w) = 4*w + 6. Let h be s(-4). Let x be b(h). Suppose x*n - 9 - 15 = 0. Let r(v) = v + 2. Determine r(n).
6
Let f(q) = -6*q**2 + 105*q + 6. Let i(m) = 5*m**2 - 85*m - 6. Let c(d) = -4*f(d) - 5*i(d). Determine c(5).
6
Let p(m) be the first derivative of m**3/6 + 6*m**2 - 19*m - 5. Let r(q) be the first derivative of p(q). Give r(-9).
3
Let b(x) = 9*x**2 - 9*x + 20. Let s = 802 + -809. Let p(k) = -2*k**2 + 3*k - 6. Let f(l) = s*p(l) - 2*b(l). What is f(-3)?
-25
Let q(l) = l**2 - 5*l**2 - 5*l + l**2 + 4*l**2. Suppose -i - 14 = 5*b, 5*i - 31 = -2*b - 9. Calculate q(i).
6
Let j(v) = 79 - v - 5*v + 0*v + 288 - 560. Calculate j(-31).
-7
Let t(i) = -3*i**2 + 103*i - 35. Let g be (0 -